*v - 6*v = 0. What is the units digit of 4 + 50 + 4 + v/2?
8
Let p be (-4578)/(-8) + 15/(-60). Let o = -189 + p. What is the hundreds digit of o?
3
Let v(b) = 17332*b**3 + 6*b**2 - 9*b + 6. What is the ten thousands digit of v(1)?
1
Suppose 8 = 9*z - 10. Suppose z*f - 413 = 213. What is the tens digit of f?
1
Let w be ((-2)/(-3) - 9)*-3. Suppose 0 = -5*h + 119 + 106. Let a = h - w. What is the units digit of a?
0
Let l(y) = -7*y - 2. Let o(f) = 13*f + 4. Let t(a) = 5*l(a) + 3*o(a). Let j be t(-2). What is the tens digit of (1*-2)/j + 1572/36?
4
Let q(y) = -232*y**3 + y**2 + 2*y + 46. What is the ten thousands digit of q(-4)?
1
Let f(o) = 48*o**2 - 6*o + 1. Let w = -197 + 200. What is the tens digit of f(w)?
1
Let o(p) be the second derivative of p**4/12 - p**3/6 + p**2 + 6*p. Let m be o(2). Suppose 97 = q + w, -q - m*w + 2 = -110. What is the units digit of q?
2
Suppose -14872*l = -14904*l - 543798 + 2762230. What is the thousands digit of l?
9
Let p = 57 + -54. Suppose -p*i - 2*w + 590 - 70 = 0, -i + 145 = -5*w. What is the hundreds digit of i?
1
What is the hundreds digit of 1 - 4333/(-1) - 858/286?
3
Suppose 212*m = 107*m + 6117510. What is the units digit of m?
2
Let j = 2719 + -1703. What is the thousands digit of j?
1
Let n(a) = 14*a**2 - 7*a + 7. Let d be n(-4). Let j = 214 + d. What is the hundreds digit of j?
4
Let o be (130/39)/(5/6). Suppose o*f + 4*d + d - 140 = 0, -f + d = -44. What is the units digit of f?
0
Let n(x) = -x**2 + 7*x - 9. Let j be n(5). Let k be 15/30*(j + 23). Suppose -w + k*o = 8*o - 198, 0 = -2*w + 2*o + 372. What is the hundreds digit of w?
1
Let s(w) = 9*w**2 - 45*w + 2063. What is the ten thousands digit of s(40)?
1
Suppose 179*t - 1421712 = 889715. What is the thousands digit of t?
2
What is the hundreds digit of 8*(-5 - -4) - -23194?
1
Suppose 2*c - 5*b - 84285 = 0, 500*c + 3*b = 496*c + 168583. What is the units digit of c?
5
Let t = -3 + 8. Let l(j) = -j**3 - 11*j**2 - 11*j - 7. Let z be l(-10). Suppose t*h - 2*r = 357, -z*h + 267 = 2*r + 56. What is the tens digit of h?
7
What is the thousands digit of (-684)/(-27)*((-18585)/(-14) - 3)?
3
Let o(r) = 36*r + 22. Suppose -4*z - 2*b = -7 - 29, -5*b = -z + 31. What is the units digit of o(z)?
8
Let h = 47437 - 32460. What is the units digit of h?
7
Let z be (-2 - (-63)/6)*(82 + -24). Let r = z + 563. What is the tens digit of r?
5
Let o(j) = -6*j + 48. Let m be o(-12). Suppose -9*n + 5*n + m = 0. Let q = 78 + n. What is the units digit of q?
8
Suppose -71*k = 166*k - 4378101. What is the ten thousands digit of k?
1
Suppose 15*q - 298800 + 40485 = 0. What is the hundreds digit of q?
2
Suppose 13 = 5*r - a, 4*a - 2 + 14 = 0. Suppose 6 = -0*m + r*m. Suppose -5*t = m*w - 173, 247 = 3*w + 2*w - 2*t. What is the tens digit of w?
5
Let o = -33 - -65. Suppose m + 4*j = 5*m - o, 32 = 3*m - 5*j. What is the units digit of (-42)/12*m*30/(-4)?
5
Let n = -78 + 91. Suppose -x - 2*g + 8 = -n, 2*x = 4*g + 66. Suppose x = d - 5*a, -2*d + 2*a = -6*d + 218. What is the tens digit of d?
5
Suppose 4*c + 13 = 21. Suppose -5*l + 1376 = c*k, -l = -3*l + k + 554. What is the hundreds digit of l?
2
Suppose 12*m = 6*m - 18. Let p be m*1 + (-16 - -253). Suppose 136 = 2*k - p. What is the hundreds digit of k?
1
Let h = -42 + 58. Suppose 7*c = 11*c - h. Suppose 0 = c*u - 6*u + 200. What is the tens digit of u?
0
Let r = -32 - -37. Suppose -r*c + 0*c = -20. What is the units digit of (8/(-12))/(c/(-858))?
3
Let p(n) = 59*n - 12. Let w be p(-2). Let b = 760 + w. What is the units digit of b?
0
Let n = 49097 + -17069. What is the tens digit of n?
2
Suppose -14*u - 809 + 23769 = 0. What is the tens digit of u?
4
Let f(t) = -225*t + 35. Let x be f(-15). Suppose 12*p = 34*p - x. What is the hundreds digit of p?
1
Suppose 57*g - 10*g - 113928 = 0. What is the units digit of g?
4
Let z(x) = 553*x**2 - 9*x + 46. What is the units digit of z(3)?
6
Let g(k) = 62*k + 99. Suppose 4*p - 4*o = -o + 31, -3 = 3*o. What is the hundreds digit of g(p)?
5
Let x(l) = -11923*l + 29. What is the hundreds digit of x(-1)?
9
Suppose 9*c - 4*c - 10 = 0, 0 = 4*g + 4*c - 520. Suppose -4*j - 40 = g. Let p = 48 - j. What is the tens digit of p?
9
Let b(u) = u**3 + 5*u**2 - 5*u + 7. Let l be b(-5). Let r = -30 + l. What is the hundreds digit of 179 + r + (-3)/(-3)?
1
Let f(i) = i**2 + 3*i**2 - 4*i + 4 + 12*i**2. Let d be ((-45)/12*2*(-2)/5)/1. What is the tens digit of f(d)?
3
Let p(x) = 6*x - 33. Let t be p(4). Let a be 6/33 + 1808/(-22). Let r = t - a. What is the tens digit of r?
7
Let j = -44 + 47. Suppose j*b - 16 = -4*i, i - 4*i - 3*b + 12 = 0. Suppose -i*w - 2*r = -0*w - 562, -5*w - 4*r + 704 = 0. What is the tens digit of w?
4
Let f be ((-30)/(-40))/((-3)/(-12)). Suppose -j = -f, -4*m + j - 3*j = -22. Let i(d) = 8*d**2 - 2*d + 23. What is the units digit of i(m)?
3
Suppose -4*u - 3*r + 42 = 0, 35 = 3*u - 3*r - 7. Suppose 140 = -u*p + 1268. What is the tens digit of p?
9
Suppose 5*f = -f + 18. Let s(r) = r**f + r**2 - 8*r**2 - 8*r**2 - r**2 + 4*r + 13. What is the units digit of s(16)?
7
Let d(s) = 61*s**3 + 6*s**2 - 12*s + 48. What is the units digit of d(5)?
3
Suppose -3*z = 2*v - 20128, -4*z = -15*v + 11*v - 26804. What is the units digit of z?
6
Let h(z) = -9*z - 14*z + 75*z**2 - 7 - 7 + 29*z. What is the tens digit of h(4)?
1
Let f(w) = 23*w - 20*w - 9 - 14. Let k be f(15). Let x(p) = p + 40. What is the tens digit of x(k)?
6
Let w be 16/(-20) - 522/(-15). Let i = w - 32. What is the units digit of (21/i)/(4*(-5)/(-320))?
8
Let b(s) = 6*s**3 + 17*s**2 + 20*s + 15. Let x(l) = l**3 - 2*l - 2. Let i(o) = -b(o) + 5*x(o). What is the units digit of i(-17)?
5
Suppose 0 = -r - 5*t + 4058, -4*t = -90 + 110. What is the hundreds digit of r?
0
Suppose 2*m - 4*o + 15 = 3, -4*m = -5*o + 12. Suppose y + 1363 = 2*i, 4*i + 2*y - 2696 = -m*y. What is the tens digit of i?
7
Let h = 1275 - -446. What is the hundreds digit of h?
7
Suppose -23*z = -27*z + 16. Suppose 0 = 5*j - 20, -3*x + x + 556 = z*j. What is the tens digit of x?
7
What is the hundreds digit of (-1)/(-8) - (-23199778)/368?
0
Let s(m) = 193*m + 51. Let w = -189 + 192. What is the units digit of s(w)?
0
Suppose -130*s - 3867664 = -12530084. What is the hundreds digit of s?
6
Let u = 343 - -18. Let h = 887 - u. What is the units digit of h?
6
Let f be -4 - 27/(-3) - -291. Suppose -f = x - 1329. What is the tens digit of x?
3
Let o(h) = 11*h**2 - 6*h - 20. Let g(v) = -12*v**2 + 8*v + 21. Let f(l) = 2*g(l) + 3*o(l). What is the hundreds digit of f(-5)?
2
Let r = 135 - 29. Suppose -5*d = -4*t - 3*d - 196, 0 = 2*t + d + r. Let o = -47 - t. What is the units digit of o?
4
Let g be 30/(-7 + 4 + 5). Let d(l) = 49*l + 263. What is the tens digit of d(g)?
9
Let b(y) = -3*y - 55. Let p be b(-21). What is the hundreds digit of -1 + 255 - (1 - -39)/p?
2
Let a(n) = 2*n**2 + n**3 - 5 + 2 - n + 13*n**2. Suppose 7 = -2*u - 3*c, c = -4*u - c - 42. What is the units digit of a(u)?
7
Let k = 21338 - 11354. What is the tens digit of k?
8
Let o(t) = 672*t - 88. What is the hundreds digit of o(9)?
9
Suppose 17*c = 6760 + 23279. What is the units digit of c?
7
Suppose -h - z = -20192, 5*h + 4*z - 128958 = -28000. What is the tens digit of h?
9
Let k = -974 + 976. Let m be (0 - 1) + 1 + 2. Suppose s - 64 = -k*y, 3*y - 178 = -2*y + m*s. What is the units digit of y?
4
Let j be 2/(-7) - (-29)/((-609)/(-7650)). Let p = 761 - j. What is the units digit of p?
7
Suppose 253947 = 194*i - 145*i + 39817. What is the units digit of i?
0
Let s be -4*(-8)/(-32)*-878. Suppose 5*z + 2*q = -0*q + s, -5*z + 5*q + 885 = 0. What is the tens digit of z?
7
Suppose 3*n + 15 - 6 = 0. Let f be ((-6)/18)/(2 - (-5)/n). What is the units digit of ((-2)/4)/(f/(-14)*-1)?
7
Suppose -4*t = 3*f - 45 + 3, t - 14 = -f. What is the units digit of ((-4)/(-16)*-2*f)/(-1)?
7
Suppose 6*v = 4*v + 128. Let w = 69 - v. Suppose 2*f = -w*a + 1125, -2*a + 122 = -f - 328. What is the units digit of a?
5
Suppose 371*j = 385*j - 118300. What is the units digit of j?
0
Let f(m) be the second derivative of -m**5/20 - 5*m**4/4 - 10*m**3/3 - 9*m**2 - 11*m. Let d be f(-13). Let a = d - -184. What is the tens digit of a?
8
Let z = -45 - -52. Suppose 10*c = z*c + 1728. What is the units digit of c?
6
Let v be 38282/8 + (-105)/20 + 5. Su